{"id":101,"date":"2015-01-25T11:32:03","date_gmt":"2015-01-25T10:32:03","guid":{"rendered":"http:\/\/chan-honfleur.org\/chan\/?page_id=101"},"modified":"2025-10-09T15:45:37","modified_gmt":"2025-10-09T13:45:37","slug":"le-club","status":"publish","type":"page","link":"https:\/\/chan-honfleur.org\/chan\/le-club\/","title":{"rendered":"Le club"},"content":{"rendered":"\n<p>Le Club Honfleurais&nbsp;d&rsquo;Activit\u00e9s Nautiques offre l\u2019acc\u00e8s \u00e0 la pratique des sports aquatiques r\u00e9partis en quatre sections : <strong>Aquagym<\/strong>, <strong>Natation<\/strong>, <strong> Nage avec palmes<\/strong> et <strong>Plong\u00e9e<\/strong>.<br>Ces activit\u00e9s ludiques ou intensives sont adapt\u00e9es \u00e0 chacun, selon ses attentes.<br>Le club est affili\u00e9 \u00e0 la FFN (n\u00b0190140002) et \u00e0 la FFESSM (n\u00b022140053).<\/p>\n\n\n\n<h2 class=\"wp-block-heading\">R\u00e8glement int\u00e9rieur<\/h2>\n\n\n\n<p>Cliquez sur le lien pour consulter <a href=\"https:\/\/chan-honfleur.org\/chan\/wp-content\/uploads\/Fiche-presentation-25-26-1.pdf\" data-type=\"link\" data-id=\"https:\/\/chan-honfleur.org\/chan\/wp-content\/uploads\/Fiche-presentation-25-26.pdf\">le\u00a0r\u00e8glement du club.<\/a><\/p>\n\n\n\n<h2 class=\"wp-block-heading\">Sections<\/h2>\n\n\n\n<div class=\"wp-block-group\"><div class=\"wp-block-group__inner-container is-layout-flow wp-block-group-is-layout-flow\">\n<div class=\"wp-block-media-text alignwide is-stacked-on-mobile\"><figure class=\"wp-block-media-text__media\"><img loading=\"lazy\" decoding=\"async\" width=\"300\" height=\"225\" src=\"https:\/\/chan-honfleur.org\/chan\/wp-content\/uploads\/2014\/12\/ImageAquagym.jpg\" alt=\"ImageAquagym\" class=\"wp-image-377 size-full\" srcset=\"https:\/\/chan-honfleur.org\/chan\/wp-content\/uploads\/2014\/12\/ImageAquagym.jpg 300w, https:\/\/chan-honfleur.org\/chan\/wp-content\/uploads\/2014\/12\/ImageAquagym-200x150.jpg 200w, https:\/\/chan-honfleur.org\/chan\/wp-content\/uploads\/2014\/12\/ImageAquagym-150x112.jpg 150w\" sizes=\"auto, (max-width: 300px) 100vw, 300px\" \/><\/figure><div class=\"wp-block-media-text__content\">\n<p>La section&nbsp;<a href=\"https:\/\/chan-honfleur.org\/chan\/aquagym\/\"><strong>AQUAGYM<\/strong><\/a>&nbsp;propose des s\u00e9ances de gymnastique effectu\u00e9es dans l&rsquo;eau.<br>C&rsquo;est une activit\u00e9 accessible \u00e0 tous car l&rsquo;eau m\u00e9nage les muscles et les articulations.&nbsp;Mais 30 minutes d&rsquo;aquagym \u00e9quivalent \u00e0 une d\u00e9pense de 600 calories&nbsp;!<\/p>\n<\/div><\/div>\n\n\n\n<p><\/p>\n<\/div><\/div>\n\n\n\n<div class=\"wp-block-group\"><div class=\"wp-block-group__inner-container is-layout-flow wp-block-group-is-layout-flow\">\n<div class=\"wp-block-media-text alignwide is-stacked-on-mobile\"><figure class=\"wp-block-media-text__media\"><img decoding=\"async\" src=\"https:\/\/chan-honfleur.org\/chan\/wp-content\/uploads\/2015\/01\/ImageNatation.jpg\" alt=\"ImageNatation\" class=\"wp-image-400 size-full\"\/><\/figure><div class=\"wp-block-media-text__content\">\n<p>La section <a href=\"https:\/\/chan-honfleur.org\/chan\/natation\/\"><strong>NATATION<\/strong><\/a>&nbsp;propose des activit\u00e9s pour tous les niveaux.<br>De la familiarisation aquatique accessible&nbsp;d\u00e8s 4 ans, \u00e0 la comp\u00e9tition jeunes ou adultes, en passant par le perfectionnement, pour ceux qui cherchent \u00e0 pratiquer une activit\u00e9 sportive r\u00e9guli\u00e8re.<\/p>\n<\/div><\/div>\n\n\n\n<p><\/p>\n<\/div><\/div>\n\n\n\n<div class=\"wp-block-group\"><div class=\"wp-block-group__inner-container is-layout-flow wp-block-group-is-layout-flow\">\n<div class=\"wp-block-media-text alignwide is-stacked-on-mobile\"><figure class=\"wp-block-media-text__media\"><img loading=\"lazy\" decoding=\"async\" width=\"300\" height=\"225\" src=\"https:\/\/chan-honfleur.org\/chan\/wp-content\/uploads\/2015\/01\/ImageApnee.jpg\" alt=\"ImageApnee\" class=\"wp-image-402 size-full\" srcset=\"https:\/\/chan-honfleur.org\/chan\/wp-content\/uploads\/2015\/01\/ImageApnee.jpg 300w, https:\/\/chan-honfleur.org\/chan\/wp-content\/uploads\/2015\/01\/ImageApnee-200x150.jpg 200w, https:\/\/chan-honfleur.org\/chan\/wp-content\/uploads\/2015\/01\/ImageApnee-150x112.jpg 150w\" sizes=\"auto, (max-width: 300px) 100vw, 300px\" \/><\/figure><div class=\"wp-block-media-text__content\">\n<p>La section <a href=\"https:\/\/chan-honfleur.org\/chan\/apnee-nage-avec-palmes\/\"><strong>NAGE AVEC PALMES<\/strong><\/a>&nbsp;met l&rsquo;accent sur le plaisir de la plong\u00e9e libre.<br>Ces activit\u00e9s vous permettent de&nbsp;parfaire votre condition physique tout en d\u00e9couvrant d&rsquo;autres sensations, am\u00e9liorer vos techniques de nage et votre aquaticit\u00e9.<\/p>\n<\/div><\/div>\n<\/div><\/div>\n\n\n\n<p><\/p>\n\n\n\n<div class=\"wp-block-group\"><div class=\"wp-block-group__inner-container is-layout-flow wp-block-group-is-layout-flow\">\n<div class=\"wp-block-media-text alignwide is-stacked-on-mobile\"><figure class=\"wp-block-media-text__media\"><img loading=\"lazy\" decoding=\"async\" width=\"300\" height=\"225\" src=\"https:\/\/chan-honfleur.org\/chan\/wp-content\/uploads\/2015\/01\/ImagePlongee.jpg\" alt=\"ImagePlongee\" class=\"wp-image-599 size-full\" srcset=\"https:\/\/chan-honfleur.org\/chan\/wp-content\/uploads\/2015\/01\/ImagePlongee.jpg 300w, https:\/\/chan-honfleur.org\/chan\/wp-content\/uploads\/2015\/01\/ImagePlongee-200x150.jpg 200w, https:\/\/chan-honfleur.org\/chan\/wp-content\/uploads\/2015\/01\/ImagePlongee-150x112.jpg 150w\" sizes=\"auto, (max-width: 300px) 100vw, 300px\" \/><\/figure><div class=\"wp-block-media-text__content\">\n<p>La section <strong><a href=\"https:\/\/chan-honfleur.org\/chan\/plongee\/\">PLONG\u00c9E<\/a>&nbsp;<\/strong>offre des formations allant du Niveau 1 au Niveau 3.<br>L&rsquo;entra\u00eenement se fait en piscine mais des sorties et des s\u00e9jours sont r\u00e9guli\u00e8rement programm\u00e9s au cours de l&rsquo;ann\u00e9e. L&rsquo;activit\u00e9 est ouverte aux jeunes d\u00e8s 8 ans.<\/p>\n<\/div><\/div>\n<\/div><\/div>\n","protected":false},"excerpt":{"rendered":"<p>Le Club Honfleurais&nbsp;d&rsquo;Activit\u00e9s Nautiques offre l\u2019acc\u00e8s \u00e0 la pratique des sports aquatiques r\u00e9partis en quatre sections : Aquagym, Natation, Nage avec palmes et Plong\u00e9e.Ces activit\u00e9s ludiques ou intensives sont adapt\u00e9es \u00e0 chacun, selon ses&#46;&#46;&#46;<\/p>\n","protected":false},"author":3,"featured_media":0,"parent":0,"menu_order":0,"comment_status":"closed","ping_status":"closed","template":"","meta":{"footnotes":""},"class_list":["post-101","page","type-page","status-publish","hentry"],"_links":{"self":[{"href":"https:\/\/chan-honfleur.org\/chan\/wp-json\/wp\/v2\/pages\/101","targetHints":{"allow":["GET"]}}],"collection":[{"href":"https:\/\/chan-honfleur.org\/chan\/wp-json\/wp\/v2\/pages"}],"about":[{"href":"https:\/\/chan-honfleur.org\/chan\/wp-json\/wp\/v2\/types\/page"}],"author":[{"embeddable":true,"href":"https:\/\/chan-honfleur.org\/chan\/wp-json\/wp\/v2\/users\/3"}],"replies":[{"embeddable":true,"href":"https:\/\/chan-honfleur.org\/chan\/wp-json\/wp\/v2\/comments?post=101"}],"version-history":[{"count":87,"href":"https:\/\/chan-honfleur.org\/chan\/wp-json\/wp\/v2\/pages\/101\/revisions"}],"predecessor-version":[{"id":6958,"href":"https:\/\/chan-honfleur.org\/chan\/wp-json\/wp\/v2\/pages\/101\/revisions\/6958"}],"wp:attachment":[{"href":"https:\/\/chan-honfleur.org\/chan\/wp-json\/wp\/v2\/media?parent=101"}],"curies":[{"name":"wp","href":"https:\/\/api.w.org\/{rel}","templated":true}]}}